 2512079 a prime number?
False
Is 1751083 composite?
False
Is 197075051 a prime number?
False
Is 520547 prime?
True
Is 559496269 prime?
True
Is 6469157 a prime number?
True
Is 2223371 a prime number?
True
Is 1915343 a composite number?
False
Is 45953947 a prime number?
False
Is 3354223 a prime number?
False
Is 15986389 prime?
True
Is 56634031 composite?
False
Is 128769353 prime?
False
Is 1006801 a prime number?
False
Is 78175939 a prime number?
True
Is 202794739 prime?
False
Is 17414027 a prime number?
False
Is 2329091 prime?
True
Is 2345209 composite?
False
Is 64476037 a composite number?
True
Is 2575889 prime?
False
Is 2057767 a prime number?
False
Is 11142353 prime?
True
Is 62726347 prime?
True
Is 82537019 composite?
False
Is 1318481 a prime number?
False
Is 8770969 composite?
True
Is 1445566 composite?
True
Is 8783683 a composite number?
False
Is 12225133 prime?
False
Is 11548057 composite?
False
Is 3752213 a prime number?
False
Is 226323806 prime?
False
Is 95328085 composite?
True
Is 2041703 a composite number?
False
Is 10512157 prime?
True
Is 5198231 a composite number?
True
Is 6606617 prime?
False
Is 9135799 composite?
False
Is 73001 composite?
True
Is 747223 composite?
False
Is 208877 a prime number?
True
Is 17329703 prime?
False
Is 646907 composite?
True
Is 75118763 composite?
False
Is 47237 a prime number?
True
Is 116693039 composite?
False
Is 6733957 composite?
False
Is 18232289 composite?
False
Is 91311049 composite?
False
Is 23206483 composite?
True
Is 5691163 prime?
False
Is 53029793 a composite number?
True
Is 416774 prime?
False
Is 111816323 a prime number?
False
Is 7948393 prime?
True
Is 62960057 prime?
False
Is 407648681 prime?
False
Is 597539 a composite number?
False
Is 11295077 a prime number?
True
Is 27230297 composite?
True
Is 140726321 composite?
False
Is 6464011 composite?
True
Is 2217491 a composite number?
False
Is 6390491 composite?
True
Is 54322031 a prime number?
False
Is 86288287 a composite number?
True
Is 51134311 prime?
True
Is 1430357 a prime number?
True
Is 67153397 a prime number?
False
Is 119869 prime?
True
Is 304336037 a composite number?
False
Is 203114659 prime?
False
Is 218170919 prime?
True
Is 139085291 prime?
True
Is 186327851 a prime number?
False
Is 308142577 a prime number?
False
Is 7220339 prime?
False
Is 1143607 a composite number?
True
Is 1506287 prime?
True
Is 12397379 composite?
False
Is 241479517 a composite number?
True
Is 393519667 a composite number?
False
Is 95908283 prime?
True
Is 6235849 composite?
True
Is 33721 composite?
False
Is 154361 prime?
False
Is 135975409 prime?
True
Is 518461 composite?
True
Is 8072717 prime?
True
Is 46099363 a composite number?
True
Is 237373 a prime number?
True
Is 8556461 a composite number?
True
Is 5400209 a composite number?
False
Is 7482557 composite?
True
Is 234043 a prime number?
True
Is 1445657 composite?
False
Is 37207337 prime?
False
Is 6684947 prime?
False
Is 59399227 prime?
False
Is 21922091 a composite number?
False
Is 76147703 composite?
True
Is 5231773 a composite number?
False
Is 87748937 a prime number?
True
Is 23201863 a composite number?
True
Is 14302334 a prime number?
False
Is 31032317 composite?
False
Is 13972003 composite?
False
Is 97097411 composite?
False
Is 9662311 a prime number?
True
Is 4791299 prime?
True
Is 4935241 a composite number?
False
Is 3057935 a prime number?
False
Is 5990741 prime?
False
Is 3117269 a composite number?
False
Is 307777 prime?
False
Is 4895333 a composite number?
True
Is 9562249 composite?
True
Is 8287151 prime?
False
Is 332514537 a composite number?
True
Is 316729267 prime?
True
Is 103981897 composite?
False
Is 348709 a prime number?
True
Is 11323159 a prime number?
False
Is 473966063 a prime number?
True
Is 61915691 a composite number?
False
Is 10079131 a composite number?
False
Is 7484551 a composite number?
False
Is 92264482 composite?
True
Is 467847701 prime?
False
Is 423383377 prime?
True
Is 23563321 composite?
False
Is 14377037 composite?
False
Is 3563059 composite?
False
Is 307396427 prime?
False
Is 2314229 composite?
True
Is 203809285 composite?
True
Is 29780041 a prime number?
False
Is 68951401 prime?
False
Is 13661105 composite?
True
Is 10000387 a composite number?
True
Is 1871093 a composite number?
True
Is 101641 a prime number?
True
Is 4578913 a prime number?
True
Is 31792259 a composite number?
True
Is 166721747 a composite number?
False
Is 7193497 composite?
False
Is 7537637 a prime number?
True
Is 26840137 prime?
True
Is 41012359 composite?
False
Is 42497453 a prime number?
True
Is 6140587 prime?
False
Is 878489 prime?
True
Is 1560707 prime?
True
Is 529987711 a composite number?
True
Is 97504171 prime?
False
Is 2061827 composite?
True
Is 8417327 prime?
True
Is 522997 a prime number?
False
Is 723791 prime?
True
Is 424519 a prime number?
True
Is 4986481 prime?
True
Is 91642921 prime?
False
Is 4143187 prime?
True
Is 10567835 composite?
True
Is 76291543 a prime number?
False
Is 15510683 a composite number?
True
Is 35268059 prime?
True
Is 2013779 prime?
True
Is 523860829 a prime number?
True
Is 3974771 composite?
True
Is 925611853 prime?
True
Is 23011927 composite?
True
Is 3341001 a prime number?
False
Is 74440087 composite?
False
Is 746126 a composite number?
True
Is 207030926 a prime number?
False
Is 1666188019 a prime number?
True
Is 39551173 composite?
False
Is 44833603 a composite number?
True
Is 28169923 a composite number?
True
Is 9190609 a composite number?
True
Is 203182953 a composite number?
True
Is 49858895 a composite number?
True
Is 8507737 composite?
True
Is 762479 prime?
True
Is 65417773 a composite number?
True
Is 205201 a prime number?
True
Is 149879 composite?
True
Is 3061391 a prime number?
True
Is 8258615 prime?
False
Is 7233949 a prime number?
False
Is 222529831 a prime number?
False
Is 122151907 a prime number?
True
Is 4108723 a composite number?
True
Is 12235163 a prime number?
False
Is 21006209 a prime number?
False
Is 139179917 a composite number?
False
Is 1798241 composite?
False
Is 12179069 a prime number?
False
Is 94727189 a composite number?
False
Is 9753409 prime?
True
Is 3637237 composite?
True
Is 341367185 prime?
False
Is 109806793 a prime number?
True
Is 4395901 a composite number?
True
Is 6485147 a prime number?
True
Is 20883979 prime?
True
Is 1518089 a prime number?
True
Is 99720287 composite?
False
Is 1719623 a composite number?
False
Is 1540453 composite?
False
Is 8042303 composite?
False
Is 20843861 a composite number?
False
Is 938437 composite?
False
Is 95971 a prime number?
True
Is 27936383 a composite number?
True
Is 23699945 prime?
False
Is 568993 a composite number?
True
Is 21216163 composite?
True
Is 1237121 composite?
False
Is 21121657 a composite number?
True
Is 147647 a prime number?
True
Is 2076493 composite?
True
Is 32005027 a prime number?
True
Is 5283793 composite?
True
Is 281227361 composite?
True
Is 3266477 a prime number?
True
Is 392980633 a composite number?
False
Is 40649789 composite?
False
Is 254076443 prime?
False
Is 54983977 a prime number?
False
Is 4513741 prime?
False
Is 261993859 a composite number?
True
Is 98322509 composite?
True
Is 23771023 prime?
True
Is 1100858047 prime?
True
Is 93773671 a prime number?
False
Is 206761 composite?
True
Is 87712003 a composite number?
False
Is 265875283 a prime number?
False
Is 16726217 a composite number?
True
Is 177897253 composite?
True
Is 35522566 a composite number?
True
Is 20971309 composite?
True
Is 692659 prime?
False
Is 595801 a composite number?
False
Is 131271527 composite?
False
Is 152445985 a prime number?
False
Is 28103833 composite?
True
Is 23929699 a composite number?
False
Is 21338537 prime?
False
Is 603200523 composite?
True
Is 810737 a composite number?
False
Is 13225363 composite?
True
Is 102980653 prime?
False
Is 381461 a composite number?
False
Is 839543 composite?
True
Is 16713377 a prime number?
True
Is 11840083 a composite number?
True
Is 4311163 composite?
False
Is 13007651 a prime number?
False
Is 149160455 a composite number?
True
Is 164582749 prime?
True
Is 106674247 composite?
True
Is 1766507 a prime number?
True
Is 44210461 composite?
False
Is 146174843 composite?
False
Is 24176857 a prime number?
True
Is 120464093 prime?
True
Is 2039171 composite?
False
Is 14